
Is 1680 a multiple of 42?
True
Is 19728 a multiple of 12?
True
Is 62643 a multiple of 215?
False
Is 592 a multiple of 37?
True
Is 57 a factor of 456?
True
Does 45 divide 450?
True
Is 91 a factor of 972?
False
Is 15708 a multiple of 17?
True
Is 23 a factor of 1895?
False
Is 221 a factor of 61703?
False
Is 861 even?
False
Is 237 a factor of 28440?
True
Does 12 divide 1872?
True
Does 15 divide 42780?
True
Is 12427 a multiple of 7?
False
Is 21 a factor of 483?
True
Is 10545 a multiple of 2?
False
Is 9522 a multiple of 28?
False
Is 28 a factor of 756?
True
Is 26 a factor of 22894?
False
Does 97 divide 13438?
False
Is 541 even?
False
Does 72 divide 706?
False
Does 42 divide 420?
True
Is 1950 a multiple of 17?
False
Does 52 divide 832?
True
Does 18 divide 1476?
True
Is 212 a multiple of 24?
False
Is 1066 a multiple of 12?
False
Is 20114 a multiple of 82?
False
Does 46 divide 2392?
True
Is 84 a multiple of 12?
True
Is 60 a multiple of 10?
True
Does 16 divide 12292?
False
Is 4451 a multiple of 42?
False
Is 38 a multiple of 13?
False
Does 16 divide 24683?
False
Does 30 divide 300?
True
Does 32 divide 4665?
False
Does 31 divide 3019?
False
Is 33428 a multiple of 353?
False
Is 251 a multiple of 27?
False
Does 45 divide 5310?
True
Is 5 a factor of 7586?
False
Is 910 a multiple of 14?
True
Is 2356 a multiple of 12?
False
Is 58620 a multiple of 15?
True
Does 99 divide 23562?
True
Is 122 a multiple of 52?
False
Does 17 divide 6219?
False
Is 388 a multiple of 15?
False
Is 157 a multiple of 33?
False
Is 16 a factor of 1429?
False
Is 233 a factor of 7215?
False
Is 1648 a multiple of 103?
True
Is 100 a multiple of 11?
False
Is 1590 a multiple of 86?
False
Is 14 a factor of 98?
True
Is 23 a factor of 12995?
True
Is 18 a factor of 113668?
False
Is 16 a factor of 1472?
True
Is 2546 a multiple of 19?
True
Is 2901 a multiple of 5?
False
Is 247 a factor of 895?
False
Does 107 divide 214?
True
Is 3935 a multiple of 20?
False
Is 6080 a multiple of 76?
True
Is 988 a multiple of 13?
True
Does 13 divide 12792?
True
Is 5 a factor of 60?
True
Does 126 divide 30618?
True
Is 6 a factor of 10656?
True
Does 31 divide 24493?
False
Is 92 a factor of 43792?
True
Is 5 a factor of 9165?
True
Does 118 divide 58796?
False
Is 22710 a multiple of 10?
True
Is 1090 a multiple of 22?
False
Does 183 divide 77226?
True
Is 6002 a multiple of 20?
False
Is 92 a multiple of 2?
True
Is 2 a factor of 832?
True
Is 46 a factor of 5503?
False
Is 14695 a multiple of 29?
False
Is 3780 a multiple of 9?
True
Is 10 a factor of 107?
False
Is 153 a multiple of 2?
False
Is 18 a factor of 17109?
False
Is 1132 a multiple of 34?
False
Is 74 a factor of 75465?
False
Is 14 a factor of 475?
False
Is 45 a factor of 2196?
False
Does 17 divide 13022?
True
Does 16 divide 1704?
False
Is 25 a factor of 116300?
True
Is 3390 a multiple of 2?
True
Is 8 a factor of 53536?
True
Is 40 a factor of 1041?
False
Is 59 a factor of 5361?
False
Does 50 divide 1350?
True
Is 8320 a multiple of 64?
True
Is 5 a factor of 1050?
True
Is 950 a multiple of 25?
True
Is 33936 a multiple of 168?
True
Is 21 a factor of 526?
False
Is 51 a multiple of 12?
False
Is 1175 a multiple of 25?
True
Does 10 divide 7450?
True
Is 2039 a multiple of 95?
False
Is 36 a factor of 802?
False
Does 18 divide 70475?
False
Is 3606 a multiple of 26?
False
Is 7827 a multiple of 12?
False
Is 75261 a multiple of 402?
False
Does 4 divide 12112?
True
Does 28 divide 1708?
True
Is 450 a multiple of 15?
True
Is 16 a factor of 39165?
False
Does 18 divide 17768?
False
Does 10 divide 65?
False
Is 159038 a multiple of 12?
False
Is 11368 a multiple of 7?
True
Is 711 a multiple of 73?
False
Is 9911 a multiple of 17?
True
Is 10 a factor of 7974?
False
Is 784 a multiple of 56?
True
Is 113 a factor of 2302?
False
Is 1350 a multiple of 90?
True
Is 2563 a multiple of 56?
False
Does 89 divide 868?
False
Does 44 divide 3559?
False
Is 1428 a multiple of 42?
True
Does 13 divide 1183?
True
Does 171 divide 27363?
False
Does 44 divide 792?
True
Is 351 a multiple of 11?
False
Is 33 a factor of 1025?
False
Does 108 divide 1080?
True
Does 61 divide 89658?
False
Does 45 divide 26027?
False
Is 2 a factor of 197?
False
Is 569 a multiple of 4?
False
Is 13 a factor of 997?
False
Is 8897 a multiple of 111?
False
Is 1052 a multiple of 43?
False
Does 2 divide 20?
True
Is 45926 a multiple of 4?
False
Is 12199 a multiple of 69?
False
Is 100 a factor of 41000?
True
Is 4060 a multiple of 20?
True
Is 16 a factor of 6377?
False
Is 38 a factor of 172824?
True
Is 1512 a multiple of 12?
True
Does 51 divide 667?
False
Is 51 a multiple of 51?
True
Does 41 divide 328?
True
Is 13311 a multiple of 27?
True
Does 73 divide 32339?
True
Is 20196 a multiple of 44?
True
Is 8418 a multiple of 69?
True
Does 16 divide 8976?
True
Is 183 a factor of 6856?
False
Does 8 divide 21613?
False
Is 6 a factor of 1588?
False
Is 22 a factor of 752?
False
Is 69 a factor of 2163?
False
Does 18 divide 1224?
True
Is 2 a factor of 62?
True
Is 83 a factor of 4731?
True
Does 42 divide 1793?
False
Is 229 a multiple of 6?
False
Does 9 divide 9528?
False
Is 287 a multiple of 9?
False
Is 15 a factor of 9166?
False
Is 19 a factor of 1292?
True
Is 59 a factor of 18821?
True
Does 6 divide 2366?
False
Is 7281 a multiple of 3?
True
Is 4702 a multiple of 89?
False
Is 14 a factor of 5474?
True
Is 261 a multiple of 29?
True
Does 5 divide 765?
True
Does 75 divide 224?
False
Is 11 a factor of 671?
True
Is 137 a multiple of 14?
False
Is 134 a factor of 11365?
False
Is 9780 a multiple of 2?
True
Is 8 a factor of 9578?
False
Does 42 divide 255?
False
Is 6183 a multiple of 115?
False
Is 524 a multiple of 17?
False
Is 42 a factor of 899?
False
Is 9 a factor of 16?
False
Does 25 divide 1104?
False
Is 3 a factor of 520?
False
Does 18 divide 41976?
True
Does 15 divide 765?
True
Is 5702 a multiple of 71?
False
Does 104 divide 56056?
True
Is 3392 a multiple of 21?
False
Is 11 a factor of 394?
False
Does 24 divide 1032?
True
Does 31 divide 151?
False
Is 10 a factor of 112?
False
Is 207228 a multiple of 14?
True
Does 50 divide 3450?
True
Is 70 a factor of 14851?
False
Is 128 even?
True
Is 137 a multiple of 16?
False
Is 16 a factor of 3812?
False
Is 10 a factor of 7850?
True
Does 55 divide 3575?
True
Is 8 a factor of 57?
False
Is 1084 a multiple of 11?
False
Does 37 divide 3441?
True
Does 21 divide 3045?
True
Is 54 a factor of 4080?
False
Does 34 divide 3290?
False
Is 30 a factor of 2130?
True
Is 13 a factor of 74019?
False
Does 16 divide 79?
False
Is 48 a factor of 2476?
False
Is 2046 a multiple of 22?
True
Does 13 divide 2099?
False
Is 540 a multiple of 9?
True
Is 6363 a multiple of 63?
True
Is 13 a factor of 156?
True
Is 45 a multiple of 5?
True
Does 55 divide 25114?
False
Is 94 a factor of 5603?
False
Is 94911 a multiple of 437?
False
Is 26730 a multiple of 43?
False
Is 11913 a multiple of 15?
False
Is 184 a factor of 28704?
True
Does 3 divide 173?
False
Does 5 divide 26620?
True
Does 10 divide 500?
True
Is 9945 a multiple of 13?
True
Is 88 a factor of 32403?
False
Does 34 divide 646?
True
Is 4 a factor of 271?
False
Is 90922 a multiple of 68?
False
Is 7770 a multiple of 37?
True
Is 20 a factor of 42156?
False
Does 3 divide 772?
False
Is 160 a factor of 6383?
False
Is 19 a factor of 95?
True
Does 22 divide 264?
True
Does 21 divide 2646?
True
Is 1400 a multiple of 40?
True
Does 8 divide 3636?
False
Does 2 divide 882?
True
Is 4 a factor of 2483?
False
Does 64 divide 182?
False
Does 3 divide 469?
False
Is 152 a factor of 31312?
True
Is 170 a factor of 33830?
True
Is 5544 a multiple of 28?
True
Is 8150 a multiple of 25?
True
Is 58 a factor of 7600?
False
Is 6 a factor of 36672?
True
Is 1004 a multiple of 6?
False
Is 1868 a multiple of 4?
True
Is 10217 a multiple of 50?
False
Does 49 divide 1639?
False
Does 88 divide 246?
False
Is 496 a multiple of 8?
True
Does 4 divide 1466?
False
Is 1962 a multiple of 2?
True
Is 24 a factor of 1168?
False
Does 49 divide 750?
False
Is 103 a factor of 952?
False
Is 53 a factor of 53?
True
Is 1496 a multiple of 34?
True
Is 11 a factor of 10824?
True
Is 8 a factor of 344?
True
Is 195 a factor of 21840?
True
Is 644 a multiple of 18?
False
Does 166 divide 12988?
False
Does 9 divide 7103?
False
Does 81 divide 18573?
False
Is 70 a factor o